 194291 prime?
False
Is 106681 a prime number?
True
Is 69929 a prime number?
True
Is 1153213 composite?
True
Is 736017 a composite number?
True
Is 992463 a composite number?
True
Is 2326007 a prime number?
True
Is 99647 a composite number?
True
Is 35515 prime?
False
Is 5557 prime?
True
Is 3203 prime?
True
Is 20297 prime?
True
Is 61169 composite?
False
Is 15809 a prime number?
True
Is 226409 a composite number?
False
Is 101155 composite?
True
Is 1332713 prime?
True
Is 123997 prime?
True
Is 697 composite?
True
Is 12721 a composite number?
False
Is 77761 composite?
False
Is 15749 prime?
True
Is 1818277 prime?
True
Is 366983 a composite number?
False
Is 529293 composite?
True
Is 5051 prime?
True
Is 140969 prime?
False
Is 206611 prime?
False
Is 260311 prime?
False
Is 43 prime?
True
Is 72803 prime?
False
Is 16265 composite?
True
Is 3919 prime?
True
Is 443093 a composite number?
True
Is 44071 prime?
True
Is 167149 a composite number?
False
Is 178301 composite?
False
Is 18994 composite?
True
Is 12889 a composite number?
False
Is 13261 prime?
False
Is 42971 prime?
False
Is 8999 a composite number?
False
Is 1287694 composite?
True
Is 77963 prime?
False
Is 177673 prime?
False
Is 1213 prime?
True
Is 7129 prime?
True
Is 38431 a composite number?
False
Is 441173 a prime number?
False
Is 10301 prime?
True
Is 242237 prime?
False
Is 1219 a prime number?
False
Is 22433 a composite number?
False
Is 8403 a prime number?
False
Is 551801 a composite number?
False
Is 33862 a composite number?
True
Is 69061 prime?
True
Is 6331 a prime number?
False
Is 2127 composite?
True
Is 53651 a prime number?
False
Is 88849 a composite number?
True
Is 34647 composite?
True
Is 120847 a composite number?
False
Is 3087649 a composite number?
False
Is 6761 a prime number?
True
Is 3221 a prime number?
True
Is 348709 composite?
False
Is 28115 prime?
False
Is 10907 a prime number?
False
Is 63413 a prime number?
False
Is 6067 a composite number?
False
Is 2174 a composite number?
True
Is 6119 a prime number?
False
Is 8915 a prime number?
False
Is 106093 a composite number?
True
Is 9683 prime?
False
Is 157 a prime number?
True
Is 62669 a prime number?
False
Is 2837 a composite number?
False
Is 67679 a prime number?
True
Is 2070781 a prime number?
True
Is 58771 prime?
True
Is 1187 a prime number?
True
Is 37831 composite?
False
Is 19157 a prime number?
True
Is 25255 composite?
True
Is 11573 a composite number?
True
Is 38138 a composite number?
True
Is 1817 a prime number?
False
Is 14519 a prime number?
True
Is 382493 prime?
True
Is 8887 a composite number?
False
Is 33591 composite?
True
Is 11443 a prime number?
True
Is 629229 a prime number?
False
Is 1594693 prime?
True
Is 937 prime?
True
Is 391 composite?
True
Is 326 a composite number?
True
Is 291821 prime?
False
Is 1901 composite?
False
Is 59 a prime number?
True
Is 14519 prime?
True
Is 1985833 prime?
False
Is 488041 composite?
True
Is 66319 a composite number?
True
Is 114331 a composite number?
True
Is 21439 a prime number?
False
Is 10771 a composite number?
False
Is 1532587 prime?
False
Is 2939 composite?
False
Is 2513 composite?
True
Is 10573 prime?
False
Is 733267 a prime number?
False
Is 1801 a composite number?
False
Is 479 composite?
False
Is 140043 a prime number?
False
Is 212785 composite?
True
Is 144611 a prime number?
True
Is 13643 prime?
False
Is 83459 composite?
False
Is 322501 a composite number?
False
Is 11887 composite?
False
Is 12659 composite?
False
Is 1151 prime?
True
Is 52061 composite?
True
Is 13646 a prime number?
False
Is 39434 a prime number?
False
Is 359231 composite?
False
Is 959 a composite number?
True
Is 486439 composite?
True
Is 24517 a composite number?
False
Is 268189 a composite number?
False
Is 1559 a prime number?
True
Is 69109 prime?
True
Is 531793 a composite number?
False
Is 97711 composite?
False
Is 1826093 prime?
True
Is 36433 a prime number?
True
Is 256397 composite?
True
Is 48371 a composite number?
False
Is 205 prime?
False
Is 445 composite?
True
Is 1651073 a prime number?
True
Is 1026843 composite?
True
Is 1329 a prime number?
False
Is 4058 prime?
False
Is 131249 prime?
True
Is 198201 composite?
True
Is 697769 a composite number?
True
Is 6779 a composite number?
False
Is 610409 a composite number?
False
Is 97481 prime?
False
Is 192503 composite?
True
Is 30739 a prime number?
False
Is 55135 a prime number?
False
Is 23531 a prime number?
True
Is 10037 a composite number?
False
Is 62899 composite?
True
Is 2173179 composite?
True
Is 97178 a composite number?
True
Is 1793669 composite?
False
Is 9983 a composite number?
True
Is 45181 composite?
False
Is 4271 prime?
True
Is 15959 composite?
False
Is 1177 a composite number?
True
Is 2722 prime?
False
Is 653617 a composite number?
False
Is 8457 composite?
True
Is 2149 a prime number?
False
Is 517 a prime number?
False
Is 38939 prime?
False
Is 2901001 a prime number?
True
Is 66023 composite?
True
Is 548687 a composite number?
False
Is 1069 a composite number?
False
Is 117653 a composite number?
True
Is 281283 a composite number?
True
Is 29398 composite?
True
Is 1119 prime?
False
Is 41579 prime?
True
Is 292213 composite?
True
Is 5191 a prime number?
False
Is 42767 prime?
True
Is 87149 composite?
False
Is 703301 prime?
True
Is 3481 a composite number?
True
Is 4735 composite?
True
Is 545789 a prime number?
True
Is 581393 a composite number?
False
Is 14431 a composite number?
False
Is 16221 a prime number?
False
Is 505 composite?
True
Is 14129 prime?
False
Is 8285 a prime number?
False
Is 60303 prime?
False
Is 116953 a prime number?
True
Is 402487 composite?
False
Is 777859 prime?
True
Is 2477 a composite number?
False
Is 39629 a composite number?
True
Is 470579 prime?
True
Is 11057 composite?
False
Is 221147 a composite number?
True
Is 267829 a prime number?
True
Is 347449 prime?
False
Is 698111 a prime number?
True
Is 60617 a composite number?
False
Is 34477 a composite number?
True
Is 213263 prime?
True
Is 385621 a composite number?
False
Is 32933 a prime number?
True
Is 126067 prime?
True
Is 141301 a composite number?
False
Is 108343 prime?
True
Is 387659 composite?
False
Is 1267771 a prime number?
True
Is 13766 a prime number?
False
Is 10369 a prime number?
True
Is 9806 composite?
True
Is 24053 a prime number?
False
Is 18923 a composite number?
True
Is 8717 a composite number?
True
Is 38819 a composite number?
True
Is 86383 a prime number?
False
Is 187379 a composite number?
False
Is 217271 a prime number?
True
Is 89041 prime?
True
Is 5971 prime?
False
Is 164467 a prime number?
False
Is 921 a composite number?
True
Is 16743 a composite number?
True
Is 322849 a prime number?
True
Is 108833 composite?
True
Is 302777 prime?
False
Is 311973 prime?
False
Is 14843 a composite number?
False
Is 4682806 prime?
False
Is 221021 composite?
False
Is 4535 prime?
False
Is 51283 a composite number?
False
Is 521938 prime?
False
Is 7291 prime?
False
Is 106793 a composite number?
True
Is 88589 a prime number?
True
Is 67103 composite?
False
Is 2267 prime?
True
Is 15373 composite?
False
Is 51539 prime?
True
Is 2021927 a prime number?
True
Is 2503 composite?
False
Is 9643 a composite number?
False
Is 13343 prime?
False
Is 812962 composite?
True
Is 47473 a composite number?
True
Is 32847 a composite number?
True
Is 60387 composite?
True
Is 6143 composite?
False
Is 2927 prime?
True
Is 83537 a composite number?
False
Is 10195 prime?
False
Is 15727 composite?
False
Is 2405995 composite?
True
Is 7019 prime?
True
Is 4313 composite?
True
Is 37823 a prime number?
False
Is 34049 a prime number?
False
Is 100819 a composite number?
True
Is 45742 composite?
True
Is 10007 composite?
False
Is 614263 prime?
False
Is 44177 prime?
False
Is 184993 prime?
True
Is 141101 composite?
False
Is 32993 prime?
True
Is 10007 a prime number?
True
Is 16495 a composite number?
True
Is 103333 a composite number?
False
Is 76649 a prime number?
True
Is 101681 a prime number?
True
Is 21727 a composite number?
False
Is 11389 a composite number?
True
Is 82385 prime?
False
Is 2203 composite?
False
Is 5755 composite?
True
Is 22423 a composite number?
True
Is 1373 composite?
False
Is 67103 prime?
True
Is 5583 composite?
True
Is 135479 a composite number?
False
Is 203131 a prime number?
False
Is 4621 a prime nu